 47 is divided by n.
22
Suppose -3*g - j + 11 = -0*g, 4*g + j = 15. Let b(y) = -3*y - 5. Let f be 62/(-14) + 3/7. Calculate the remainder when b(f) is divided by g.
3
Let o(i) = i**3 - 13*i**2 + 12*i + 6. Let g be o(12). Suppose -3*x = -r - g - 9, -2*x - 5*r = -27. What is the remainder when 20 is divided by x?
2
Suppose 4 = 2*v + 2. What is the remainder when 40 is divided by v/3*-1*-63?
19
Suppose 0 = -3*o - 0 + 69. What is the remainder when 68 is divided by o?
22
Let n(i) = i**2 - 3*i - 5. Suppose -12*h = -7*h - 215. What is the remainder when h is divided by n(7)?
20
Let w = 1 + -2. Let v = w - -5. Suppose -v*r = 3 - 19. Calculate the remainder when r is divided by 3.
1
Let h(f) = -f**3 + 18*f**2 - 14*f - 34. What is the remainder when h(17) is divided by 5?
2
Suppose 2*t - 2*d - 14 = -0*t, -5*d - 17 = t. Let y = -59 + 70. Calculate the remainder when y is divided by t.
2
Suppose -5*t - 2*m + 6*m = -134, 4*t - 100 = 5*m. What is the remainder when t is divided by 11?
8
What is the remainder when 34 is divided by -3 + 1/1 + 11?
7
Suppose 2*t - 20 = -3*t. Suppose -y - y = -2, -t*y = m - 18. What is the remainder when m is divided by 5?
4
Let s(h) = -h - 6. Let p be s(-8). Suppose -4 = p*c - 12. Suppose -2*f + 8*o = 3*o - 54, -f - c*o = -40. What is the remainder when f is divided by 11?
10
Suppose 0 = -3*h - 0*n - 5*n + 5, n + 7 = h. Suppose 0 = -h*j - 2*r + 269, -4*r + r = -6. Calculate the remainder when j is divided by 18.
17
Let i(a) = -a**3 + 7*a**2 - 4*a + 5. Suppose 0 = -r + 3*y + 15, -4*r + 2*r = -2*y - 26. What is the remainder when i(5) is divided by 4/(-4) - (-1 - r)?
11
Let v = -14 + 19. Let j = 17 - 9. Calculate the remainder when j is divided by v.
3
Let l(r) = r**2 + 8*r + 9. Let d be l(-6). Calculate the remainder when (-58)/d + 4/6 is divided by (-4)/(-6) + 19/3.
6
Let c be 1 + -1*2/(-1). Let w(z) = z**2 - 7*z - 14. Let q be w(11). Suppose -15 = -c*f, 4*b - 37 = -3*f + q. What is the remainder when 25 is divided by b?
12
Let b(p) = -32*p - 1. What is the remainder when 122 is divided by b(-1)?
29
Let t be (-2 - -1)/(1/(-5)). Suppose 0*a - 13 = 4*a - t*c, -2*a + 31 = 5*c. What is the remainder when (-11)/(4/((-4)/1)) is divided by a?
2
Suppose -5*m = 4*k - 28, 3*k - 8*k + m = -35. Let p(a) = a**2 - 16*a + 69. Calculate the remainder when (-2)/k - (-177)/7 is divided by p(10).
7
Let q = 7 + -5. Suppose 6 = t + q. Suppose -5*d - 138 = -4*r, -4*r - t*d + 47 + 73 = 0. What is the remainder when r is divided by 11?
10
Calculate the remainder when 34 is divided by 12*(3/(9/12) - 3).
10
Let q(g) = 11*g. Let h = 3 - 2. Let a be q(h). Let r = a - -37. Calculate the remainder when r is divided by 17.
14
Let q be -1 + 7/((-7)/6). Let m(i) = i**2 + 8*i + 6. Let u be m(q). Let v(s) = -30*s**3 + s**2 + s + 1. Calculate the remainder when v(u) is divided by 16.
15
Suppose -5*n + n - 3*m + 17 = 0, 0 = 3*n + 5*m + 1. What is the remainder when 22 is divided by n?
6
Suppose -2*k + 3*j + 10 + 35 = 0, -4*k - 2*j + 130 = 0. What is the remainder when 87 is divided by k?
27
Suppose 0*i + 5*i = 120. Suppose -4*p - i = -0*m - m, -3*m - p = -46. What is the remainder when m is divided by 9?
7
Let r(q) = -3*q - 50. Calculate the remainder when 40 is divided by r(-19).
5
Calculate the remainder when 30/50 - 77/(-5) is divided by 6*(1 - 2)/(-1).
4
Let l(s) = -s**3 - s**2 + 3*s + 3. Let d(k) = -k**3 + 13*k**2 - 3. Let y be d(13). What is the remainder when 47 is divided by l(y)?
11
Suppose 0*m - 4*m = -40. Suppose 3*k - k = 58. Calculate the remainder when k is divided by m.
9
Let k = 4 - -21. Calculate the remainder when k is divided by 8.
1
Suppose 0 = 5*x + u - 10, 3*x + 0*u = -u + 8. Let s(g) = 2*g + 6. Let a be s(-6). What is the remainder when 11 is divided by (3/a)/x*-8?
3
Let h(x) = x**3 + x**2 + x + 15. Suppose -118 = -2*p - 8. What is the remainder when p is divided by h(0)?
10
Let p be 1/(1 - 4 - -4). Suppose 2*g = 4*a - 150, 6*a - 4*g - 144 = 2*a. What is the remainder when a is divided by ((-5)/(-3))/(p/12)?
19
Suppose -5*p - 6 - 4 = 5*g, 2*g = -p - 7. Suppose 2*a = r + 4, -r - 3*a - p + 14 = 0. What is the remainder when r is divided by 1?
0
Suppose 0 = 4*b - 8, 195 = -5*u + 4*b - 138. Let v = u - -124. Let z = v - 41. What is the remainder when z is divided by 10?
8
Let y(i) = -i**2 + 17*i - 5. What is the remainder when y(14) is divided by 19?
18
Suppose 35 = 2*b - 5*o, -b - o = -2*o - 10. Suppose 4*q = 0, 3*u - q + b*q - 147 = 0. Calculate the remainder when u is divided by (68/8)/((-2)/(-4)).
15
Let k be 92/8 - 3/(-6). Let q = 13 + k. What is the remainder when q is divided by 13 - 0/((-1)/1)?
12
Suppose 0 = -p + 4*m + 12 + 9, -3*m = -4*p + 97. Suppose 146 = 2*d - 0. Calculate the remainder when d is divided by p.
23
Suppose -2*b + 6 + 96 = 0. Let q = 86 - b. What is the remainder when q is divided by 19?
16
Calculate the remainder when 59 is divided by ((-4 - -6) + -17)/(-1).
14
What is the remainder when 39 is divided by 4 - (2 - -3) - -9?
7
Let s = 14 - 2. What is the remainder when 44 is divided by s?
8
Suppose -6*t + 4*c + 20 = -t, 5*t + 5*c = 20. Suppose 0 = -5*v - 8 - 7, -32 = -5*k + t*v. Calculate the remainder when 7 is divided by k.
3
Suppose -4*g + 704 = -4*a, g + 2*a = 6*a + 173. What is the remainder when g is divided by 20?
17
Let z be 2*4 - (9 - 8). Suppose -z + 91 = 3*h. What is the remainder when h is divided by 10?
8
Suppose 4*p = -p - z + 59, 3*z = -3*p + 33. Suppose 2*g - 4*g = 0. Suppose -3*b + 2*n + 11 = g, 9 + 9 = 2*b + 4*n. What is the remainder when p is divided by b?
2
Suppose y + w - 16 = -2*y, -2*y - 5*w + 28 = 0. Suppose y*g - 57 = -3*f, -4*g + 7*f - 3*f = -64. Calculate the remainder when 29 is divided by g.
14
Suppose 4*t + 16 = 0, 5*a - 5*t = 5 + 50. What is the remainder when 19 is divided by a?
5
Let w = -21 + 58. What is the remainder when 73 is divided by w?
36
Let u = -14 - -13. What is the remainder when 26 + u + 4/4 is divided by 14?
12
Calculate the remainder when -23 + 50 + 1 + 0 is divided by 10.
8
Suppose -25 - 14 = -3*f. Let g = f - -3. What is the remainder when 47 is divided by g?
15
Let d = -699 + 712. Suppose 4*f - r = 89, 0 = 4*f - r + 5*r - 104. What is the remainder when f is divided by d?
10
Let q(v) = 37*v**2 + v - 1. Let m be q(1). Suppose 2*s + 42 = 4*b - 8*b, -s + 2*b = 1. Let a = m + s. Calculate the remainder when a is divided by 9.
8
Suppose 0 = -4*g - 8 + 36. What is the remainder when 17 is divided by g?
3
Suppose 5 = n + 2. Suppose -c + 4*m = 13, 4*c + m + n*m - 28 = 0. Suppose c*b - 96 = 3. Calculate the remainder when b is divided by 17.
16
Suppose -3*v = 4*u - 34, u - v - 3 - 2 = 0. Suppose 57 = 3*x - 0*x. Calculate the remainder when x is divided by u.
5
Let y = 100 + -89. What is the remainder when 2 - 2 - (-19)/1 is divided by y?
8
Suppose -14*d = -122 - 88. What is the remainder when d is divided by 4?
3
Let k(c) be the first derivative of -c**2 - 13*c + 3. Let y = -20 - -37. Calculate the remainder when y is divided by k(-11).
8
Suppose -h + 7*u - 2*u - 12 = 0, -h + 18 = u. What is the remainder when (-3)/((5/(-12))/5) is divided by h?
10
Suppose -5*a - 6 - 7 = 2*i, -2*i - 10 = 2*a. Let f = a + 4. Calculate the remainder when 9 is divided by f.
0
Suppose r = 19 - 18. What is the remainder when 37 is divided by (18/(-45))/(r/(-25))?
7
Let o be (25/(-15))/((-1)/9). Calculate the remainder when 65 is divided by 64/3 + 10/o.
21
Let c be (-1*44 - 2) + 0. Let w = c + 99. What is the remainder when w is divided by 18?
17
Let k be 30/9*(-21)/(-14). Suppose 3*v = -q + 82 + 63, -k*v + 230 = 4*q. Calculate the remainder when v is divided by 18.
14
Let c be (-24)/9*(-9)/4. Let m = 2 + c. What is the remainder when 21 is divided by m?
5
Let l(k) = -51*k**3 + k + 1. Calculate the remainder when l(-1) is divided by 4/(-6)*-54*(-21)/(-28).
24
Suppose 10*v - 121 = -4*a + 11*v, -2*a - 4*v + 38 = 0. What is the remainder when 171 is divided by a?
26
Let g = 77 - 64. What is the remainder when 64 is divided by g?
12
Suppose 7*w = -32 + 424. Calculate the remainder when w is divided by 19.
18
Suppose -3*n = -0*n + r - 120, n - 29 = -4*r. Calculate the remainder when n is divided by ((-48)/32)/((-6)/56).
13
Let n be 10/(-45) + (-25)/9. Let r be 0*(-3)/(9/n). Suppose -7 = -3*j - 2*x +